e units digit of 9/(-3) + 5 - b?
2
What is the units digit of (-17)/(-34)*-8*(1 - 429)?
2
Suppose -k = 8*c - 10*c + 5285, 0 = c - 5*k - 2620. What is the hundreds digit of c?
6
What is the units digit of 1815*4/6 - 4?
6
Let y be (0 - -1) + 144*1. Let o = -69 - -116. Suppose -3*d + 5 = 3*u - y, -2*d - o = -u. What is the units digit of u?
9
Let k(j) = -12*j - 9. Suppose t + 16 = g, -t - 3 = -2*g + 15. What is the tens digit of k(t)?
5
Let r be (0*(-4)/12)/(-4). Let z be 8 + r + -9 + 8. Suppose -z*d + 3*d = -124. What is the tens digit of d?
3
Let l be (8 - 5)/((-1)/(-2)). Suppose 5 - 59 = -l*x. Let y = 19 - x. What is the tens digit of y?
1
Suppose -2*i = 5*k - 318 + 51, 2*i + 228 = 4*k. Suppose 3*r - 14 - k = -3*u, r - 3 = 0. What is the units digit of u?
0
Let b(z) = 5*z**2 - 14*z - 4. What is the units digit of b(5)?
1
Suppose u - 3*h = 1253, 2*h + 1773 - 525 = u. What is the units digit of u?
8
What is the units digit of 7 - (1/1)/(2/(-5924))?
9
Let v(x) = -5*x**3 - 2*x**2 - x. Let t be v(-1). Suppose -4*i + 5*y - 7 = 12, -16 = t*i - 4*y. Let p = i + 10. What is the units digit of p?
9
Suppose 5*i = 42 + 53. Suppose 12 = -i*w + 20*w. Suppose -w = -t + 15. What is the units digit of t?
7
Let k(m) = -m**2 + 10*m - 10. Let h be k(8). Suppose 3*o = 5*t + 614, -5*o - h*t + 3*t + 978 = 0. What is the tens digit of o?
9
Suppose 2*u = -g - 0*g - 2, -2*g - 6 = 5*u. What is the tens digit of 2/(u/(-89)) + 1?
9
Let u = 7 + -13. Suppose 3*f + 1 + 10 = 2*g, 5*f = -15. Let o = g - u. What is the units digit of o?
7
Let r(l) = -26*l - 126. What is the tens digit of r(-16)?
9
Let t be -2*(0 + -1 + 2). What is the tens digit of 280/42*(-21)/t?
7
Suppose u - y + 5 = 3*u, 11 = 3*u - 2*y. Let p(j) = -u*j - j + 6*j - 5. What is the units digit of p(7)?
9
Suppose -19*m + 6*m = -43849. What is the tens digit of m?
7
Let i(m) = 14*m. Let c be i(5). Let v = 44 - c. Let f = 0 - v. What is the tens digit of f?
2
What is the tens digit of ((-125)/(-75))/((-1)/(-45))?
7
Let n(l) = -691*l - 20. What is the tens digit of n(-1)?
7
Suppose 0 = 2*c + 3*c - 15. What is the units digit of (16 - 20) + 15*c?
1
Suppose g - 2*g + 2 = 0. What is the tens digit of ((-51)/g)/((-6)/8)?
3
Let l(w) = -w**3 - 9*w**2 - 2*w + 3. Let h be l(-9). Suppose 2*d - h = -4*q - d, 3*q + d = 12. What is the units digit of q?
3
Let h be (-4)/(4/7) - 1. Let b be (3/(-4))/(1/h). Suppose 0 = -2*u - b + 134. What is the tens digit of u?
6
Let b be (3 - 4 - 0) + -1 - -849. Suppose -2*l + m = -330, 0 = 5*l - 4*m - b + 22. What is the units digit of l?
5
Let x = 110 + -141. Suppose f - 4*k - 28 - 29 = 0, 4*k = 3*f - 155. Let o = x + f. What is the units digit of o?
8
Let c be (-75)/(-2) + 15/(-10). Suppose c = 5*l - 49. What is the tens digit of l?
1
Suppose 0*u + 5*u = 1085. Suppose 8*a = 5*a - 2*r + 131, u = 5*a + 2*r. What is the tens digit of a?
4
Suppose -4*d - 4*d + 3536 = 0. What is the units digit of d?
2
Suppose 4*u - 13 + 5 = 0. Suppose -v + u*w - 107 = -4*v, -2*v = -4*w - 66. What is the units digit of v?
5
Suppose 185 + 165 = 5*r. Suppose 4 = -4*j, 4*b - j - 267 = r. What is the units digit of b?
4
Suppose -8*g + 600 = -3*g. Suppose -g = -2*v + 24. What is the tens digit of v?
7
Let u(g) = -5*g - 16. Suppose d - 25 = 2*d - 5*p, -4*d = 5*p. Let h be u(d). Let j = h - 1. What is the units digit of j?
8
Let t(a) = a - 1. Let v be t(3). Suppose v*p + 1 = 21. Suppose p + 12 = 2*b. What is the units digit of b?
1
What is the thousands digit of 4 + -6 - -1208 - -2?
1
Let q(b) = 12*b + 12. Let i = -36 - -40. Let l(o) = o**3 - 3*o**2 - 4*o + 5. Let c be l(i). What is the tens digit of q(c)?
7
Let h(a) be the first derivative of 33*a**2/2 + 14*a - 29. What is the hundreds digit of h(4)?
1
Let m = 3 - 0. Suppose 4*o + 2*n - 31 = 149, -2*o = m*n - 86. Suppose o = 5*x - 3*l, -3*x - 41 = -7*x + l. What is the tens digit of x?
1
What is the units digit of (5 - 0) + (1116 - -103)?
4
Suppose -4*a - 114 + 838 = 0. What is the tens digit of a?
8
Let h(t) = t**3 + 2*t**2 + t + 4. Let u be h(-3). Let s(d) = -d**2 + d + 16. Let v be s(0). Let x = v - u. What is the units digit of x?
4
Let t be 1/(-5)*3*5. Let z be 0/2 - (4 + t). Let o = z + 3. What is the units digit of o?
2
Suppose -4*q = -3*m + 9299, 9269 = 11*m - 8*m + 2*q. What is the thousands digit of m?
3
Let t(y) = -y**3 - 6*y**2 + 48*y + 47. What is the tens digit of t(-21)?
5
Let p(l) = 62*l - 639. What is the hundreds digit of p(53)?
6
Suppose -444 + 2028 = -6*t. Let f = -161 - t. What is the hundreds digit of f?
1
Let s = -33 + 33. Suppose 5*y + 0*y - 589 = -i, s = -2*y - 4*i + 250. What is the units digit of y?
7
Let t be ((-3)/9)/((-2)/24). Suppose m - 5 = -3*y, 5 = t*m + 4*y - 7. Suppose -m*f + 4 = -20. What is the tens digit of f?
1
Let g(d) be the first derivative of 3*d**2/2 - 7*d + 1. Let j be g(6). Suppose j = r - 2. What is the tens digit of r?
1
Suppose 5*o = 3*o - 8, 4*o + 106 = 3*p. What is the units digit of p?
0
Let g = 18 + -15. Let k(z) = z**3 + 4*z**2 - 7*z - 6. Let v be k(-5). Suppose n - 2 = -0*n - 5*s, 0 = -v*n - g*s + 59. What is the tens digit of n?
1
Let w = 304 + -11. What is the units digit of w?
3
Let f = 15 - 17. Let l = 21 + f. What is the units digit of l?
9
Suppose 77*g = 69*g + 28160. What is the hundreds digit of g?
5
Let r = 2222 + -943. What is the hundreds digit of r?
2
Suppose n - 3*n + 2*h + 872 = 0, 0 = -3*n + 5*h + 1318. What is the tens digit of n?
3
Suppose 0 = 12*o + 1234 - 6910. What is the units digit of o?
3
Let n = 11 - 15. Let f be (2 + -1)*(4 + n). Suppose -4*g = -f*g - 76. What is the tens digit of g?
1
Suppose -11*p + 3470 = 984. Let y = -125 + p. What is the units digit of y?
1
Suppose -7427 + 134 = -11*w. What is the tens digit of w?
6
Suppose 3 = n + 1. Suppose -4*d + 34 = -n*d. What is the units digit of d?
7
Suppose 24 = -2*m + 2*g, -3*m + g - 4*g = 18. What is the units digit of 3/2 - m*(-9)/(-6)?
5
What is the hundreds digit of (1232 + 4)/2 - -1?
6
Let c be 63/12 + 1/(-4). Suppose -c*y = -10*y + 60. Suppose -y - 19 = -f. What is the tens digit of f?
3
Suppose 0 = 3*c - 9, -3*c + 4 = -z - 0*c. Suppose 5*j - 5 = -5*t, j - z = -2*j - 4*t. Let y = 32 - j. What is the units digit of y?
3
Let y(r) be the third derivative of 17*r**4/24 - 11*r**3/6 + 9*r**2. What is the units digit of y(4)?
7
Suppose -7*c = -6*c + 28. Let b = 32 + c. What is the units digit of (-3 + 19)/(b/8)?
2
Let z be -9 + (-1)/1 + 2. Suppose 0 = 5*k - l - 64, -3*l = 3*k + l - 43. Let s = z + k. What is the units digit of s?
5
Suppose -2*z + 401 = 2*a - 319, 1084 = 3*z + 4*a. What is the tens digit of z?
5
Suppose -5*d + 3*w = 15, -5*d + w - 4*w = -15. Let c = 50 - d. What is the units digit of c?
0
Let s = 42 - 23. Suppose 0 = v - s + 53. What is the units digit of (v/2)/(3/(-6))?
4
Suppose 0 = j - 2 + 34. What is the tens digit of j/(-18) + -2 - (-5815)/45?
2
Let x = 11 + -1. Let v(l) = l**3 - 11*l**2 + 10*l + 3. Let n be v(x). What is the units digit of n/(4*(-12)/(-32))?
2
Let x(d) = 20. Let m(j) = j - 20. Let v(c) = 3*m(c) + 2*x(c). Let t(a) = 2*a - 21. Let b(h) = -4*t(h) + 3*v(h). What is the units digit of b(0)?
4
Let x = -77 + 170. Let w = x - 26. What is the units digit of w?
7
Suppose 3*l + 5*w = 1334, 0 = 6*l - 7*l - 3*w + 442. What is the tens digit of l?
4
Let p(d) be the first derivative of d**3/3 - 3*d**2/2 + 168*d + 19. What is the hundreds digit of p(0)?
1
Suppose -1730 + 510 = -5*z. Suppose 4*k = -0*k - 2*h + z, -3*k + 185 = h. What is the tens digit of k?
6
Let u(r) = -r - 2. Let i be u(-2). Suppose i = -8*m + 7*m + 1. What is the units digit of m?
1
Suppose -2*h = -3*h + 2. Suppose 0*x - 1 = 4*x - 5*v, h*x + 11 = -v. What is the tens digit of -2 + (-68)/(x*1)?
1
Suppose -443*t = -445*t + 11098. What is the units digit of t?
9
What is the units digit of (-817)/(-7) - (-9 + (-488)/(-56))?
7
Suppose -4*l + 3906 = 3*p, 3*l + 2*p - 1390 = 1540. What is the tens digit of l?
7
Suppose -11370 = -12*r - 1914. What is the units digit of r?
8
Suppose 5*z = -3*a + 1164, -2*z - 2*z + 381 = a. Suppose a = 6*f - 99. What is the tens digit of f?
8
Suppose -2*l - 3*l - 2*q = -1250, 0 = 4*q + 20. What is the tens digit of l?
5
What is the units digit of ((-8)/(-6))/(-7 + 43604/6228)?
8
Let r(d) = -d - 6. Suppose -5*u + 25 = -0*u,